{"id":68,"date":"2024-10-26T18:17:17","date_gmt":"2024-10-26T16:17:17","guid":{"rendered":"https:\/\/www.amatricevive.it\/blog\/?post_type=product&#038;p=68"},"modified":"2024-10-30T12:27:05","modified_gmt":"2024-10-30T11:27:05","slug":"bionetic","status":"publish","type":"product","link":"https:\/\/www.amatricevive.it\/blog\/product\/bionetic\/","title":{"rendered":"Bionetic"},"content":{"rendered":"<table>\n<tbody>\n<tr>\n<td>Sito web<\/td>\n<td>Bionetic.it<\/td>\n<\/tr>\n<tr>\n<td>Azione<\/td>\n<td>\u2714 Ritardare la caduta dei capelli;<br \/>\n\u2714 I capelli crescono pi\u00f9 velocemente;<br \/>\n\u2714 I capelli appaiono pi\u00f9 spessi e pi\u00f9 sani.<\/td>\n<\/tr>\n<tr>\n<td>Componenti<\/td>\n<td>Una combinazione unica sul mercato di ingredienti naturali al 100% e sicuri al 100% che migliorano la salute dei capelli agendo dall&#8217;interno, arrestando la caduta dei capelli e stimolando la crescita dei capelli.<\/td>\n<\/tr>\n<tr>\n<td>Istruzioni per l&#8217;uso<\/td>\n<td>\u2714 Il trattamento con il farmaco dura almeno 30 giorni.<br \/>\n\u2714 La dose raccomandata del farmaco \u00e8 due volte al giorno.<br \/>\n\u2714 Lavare i capelli prima dell&#8217;applicazione.<\/td>\n<\/tr>\n<tr>\n<td>Volume<\/td>\n<td>75 ml<\/td>\n<\/tr>\n<tr>\n<td>Prezzo<\/td>\n<td>\ud83d\uded1 49 \u20ac<\/td>\n<\/tr>\n<tr>\n<td>Consegna<\/td>\n<td>7 giorni<\/td>\n<\/tr>\n<\/tbody>\n<\/table>\n<h2><b>Spray Bionetic per la crescita dei capelli: recupero rapido in sole 5 settimane!<\/b><\/h2>\n<p><img loading=\"lazy\" decoding=\"async\" class=\"aligncenter size-full wp-image-33\" src=\"http:\/\/www.amatricevive.it\/blog\/wp-content\/uploads\/2024\/01\/Bionetic-6.jpg\" alt=\"Bionetic dove vendono\" width=\"500\" height=\"344\" srcset=\"https:\/\/www.amatricevive.it\/blog\/wp-content\/uploads\/2024\/01\/Bionetic-6.jpg 500w, https:\/\/www.amatricevive.it\/blog\/wp-content\/uploads\/2024\/01\/Bionetic-6-300x206.jpg 300w\" sizes=\"(max-width: 500px) 100vw, 500px\" \/><\/p>\n<p>A cosa serve Bionetic \u00e8 un integratore naturale per uomini che sostiene la salute dei capelli in 4 modi:<\/p>\n<ul>\n<li aria-level=\"1\">induce la fase anagen, favorendo cos\u00ec la crescita dei capelli;<\/li>\n<li aria-level=\"1\">combatte la caduta dei capelli riducendo la fase telogen, cio\u00e8. fase in cui il follicolo pilifero \u00e8 inattivo;<\/li>\n<li aria-level=\"1\">rinforza i capelli;<\/li>\n<li aria-level=\"1\">aiuta a mantenere il colore naturale dei capelli.<\/li>\n<\/ul>\n<p>Bionetic \u00e8 stato sviluppato appositamente per gli uomini che soffrono di caduta dei capelli, poich\u00e9 agisce a livello ormonale.<\/p>\n<p>Il produttore dichiara che Bionetic controindicazioni comincia a produrre effetti visibili dopo i primi giorni di utilizzo. Noterai immediatamente che la caduta dei capelli rallenta, i capelli sembrano pi\u00f9 forti e nuovi capelli iniziano a crescere.<\/p>\n<h2><b>Come prevenire la caduta dei capelli?<\/b><\/h2>\n<p>Prevenire la caduta dei capelli \u00e8 importante per molte persone, sia uomini che donne. Sebbene i trapianti di capelli possano ricreare accuratamente il loro aspetto, le persone spesso scelgono di fare il possibile nella speranza di prevenire la caduta dei capelli. Per prevenire il diradamento e la caduta dei capelli, abbiamo elencato alcuni dei modi migliori che puoi seguire per mantenerli folti pi\u00f9 a lungo.<\/p>\n<h2><b>Usa uno shampoo adatto a te<\/b><\/h2>\n<p>Lo shampoo viene utilizzato per pulire i capelli dallo sporco e dal sebo in eccesso, ma molti prodotti contengono ingredienti aggressivi e non necessari. Usare uno shampoo pi\u00f9 delicato ti consentir\u00e0 di detergere adeguatamente i capelli senza privarli degli oli naturali che li mantengono forti. Questo vale per entrambi i sessi e vale la pena tenerlo presente se vuoi sapere come prevenire la caduta dei capelli negli uomini o nelle donne.<\/p>\n<p>Leggi sempre l&#8217;elenco degli ingredienti e cerca di cercare shampoo con il maggior numero possibile di ingredienti naturali.<\/p>\n<h2><b>Quali sono i vantaggi del prodotto per capelli Bionetic?<\/b><\/h2>\n<p><img loading=\"lazy\" decoding=\"async\" class=\"aligncenter size-full wp-image-35\" src=\"http:\/\/www.amatricevive.it\/blog\/wp-content\/uploads\/2024\/01\/Bionetic-8.jpg\" alt=\"Bionetic a cosa serve\" width=\"500\" height=\"319\" srcset=\"https:\/\/www.amatricevive.it\/blog\/wp-content\/uploads\/2024\/01\/Bionetic-8.jpg 500w, https:\/\/www.amatricevive.it\/blog\/wp-content\/uploads\/2024\/01\/Bionetic-8-300x191.jpg 300w\" sizes=\"(max-width: 500px) 100vw, 500px\" \/><\/p>\n<p>L&#8217;uso di Bionetic come integratore per la crescita dei capelli presenta numerosi vantaggi:<\/p>\n<ul>\n<li aria-level=\"1\">rallentare la caduta dei capelli;<\/li>\n<li aria-level=\"1\">i capelli crescono pi\u00f9 velocemente;<\/li>\n<li aria-level=\"1\">i capelli appaiono pi\u00f9 spessi e pi\u00f9 sani;<\/li>\n<li aria-level=\"1\">Il livello degli ormoni maschili viene normalizzato in modo da non provocare la caduta dei capelli e favorire la salute del corpo maschile.<\/li>\n<li aria-level=\"1\">i capelli possono mantenere il loro colore naturale pi\u00f9 a lungo;<\/li>\n<li aria-level=\"1\">aiuta a mantenere livelli adeguati di testosterone;<\/li>\n<li aria-level=\"1\">inibisce la produzione di DHT (cio\u00e8 diidrotestosterone), un derivato del testosterone, il cui eccesso pu\u00f2 causare debolezza e caduta dei capelli;<\/li>\n<li aria-level=\"1\">ha un effetto antiandrogeno e previene l&#8217;alopecia androgenetica, che colpisce soprattutto gli uomini.<\/li>\n<\/ul>\n<h2><b>Ingredienti principali della formula di composizione Bionetic<\/b><\/h2>\n<p>\u00c8 di buona qualit\u00e0 l&#8217;efficacia di Bionetic risultati reali dipende dalla miscela di ingredienti: una combinazione unica sul mercato di ingredienti 100% naturali e 100% sicuri che migliorano la salute dei capelli agendo dall&#8217;interno, rallentando la caduta dei capelli e stimolandone la crescita.<\/p>\n<h2><b>Bionetic &#8211; il prodotto ha controindicazioni o effetti collaterali?<\/b><\/h2>\n<p>Funziona realmente il prodotto Bionetic \u00e8 creato con ingredienti naturali al 100% ed \u00e8 sicuro per la salute, non ha controindicazioni o effetti collaterali.<\/p>\n<p>Non applicarlo se sei allergico o intollerante a uno qualsiasi degli ingredienti.<\/p>\n<h2><b>Uso corretto dello spray Bionetic i come si applica<\/b><\/h2>\n<p><img loading=\"lazy\" decoding=\"async\" class=\"aligncenter size-full wp-image-34\" src=\"http:\/\/www.amatricevive.it\/blog\/wp-content\/uploads\/2024\/01\/Bionetic-7.jpg\" alt=\"Bionetic risultati reali\" width=\"500\" height=\"372\" srcset=\"https:\/\/www.amatricevive.it\/blog\/wp-content\/uploads\/2024\/01\/Bionetic-7.jpg 500w, https:\/\/www.amatricevive.it\/blog\/wp-content\/uploads\/2024\/01\/Bionetic-7-300x223.jpg 300w\" sizes=\"(max-width: 500px) 100vw, 500px\" \/><\/p>\n<p>Il trattamento con Bionetic dura almeno 30 giorni, durante i quali dovrebbero gi\u00e0 essere visibili i primi effetti.<\/p>\n<p>La dose raccomandata del farmaco come usare il Bionetic \u00e8 due volte al giorno. Applicare una volta al mattino, una volta alla sera. Strofina lo spray spruzzato sui capelli con movimenti massaggianti. Prima di applicare, devi lavarti i capelli.<\/p>\n<p>A seconda della gravit\u00e0 del problema di caduta dei capelli, \u00e8 possibile prolungare l&#8217;uso dell&#8217;integratore fino al raggiungimento dell&#8217;effetto desiderato: Bionetic \u00e8 naturale al 100% e quindi adatto per un uso permanente.<\/p>\n<h2><b>Cosa dicono gli opinioni dello spray Bionetic?<\/b><\/h2>\n<p>Sul sito Bionetic dove lo posso prendere puoi trovare recensioni autentiche di uomini di tutto il mondo che hanno utilizzato questo integratore: eccone alcune.<\/p>\n<p>&nbsp;<\/p>\n<blockquote><p><b>Jovan<\/b><\/p>\n<p>Ho iniziato a perdere i capelli quando avevo 40 anni. Ho provato diversi shampoo e balsami, ma niente ha aiutato. Solo dove comprare Bionetic mi ha fatto ritrovare i capelli e la sicurezza.<\/p><\/blockquote>\n<p>&nbsp;<\/p>\n<blockquote><p><b>Manuele<\/b><\/p>\n<p>Ho iniziato a diventare calvo a causa dello stress e del superlavoro: i miei capelli cadevano letteralmente a manciate. Ho iniziato a cercare una soluzione e mi sono imbattuto in Bionetic in farmacia prezzo. Ne ho acquistati 3 pacchi contemporaneamente, era pi\u00f9 conveniente. Ha funzionato: i miei capelli hanno smesso di cadere.<\/p><\/blockquote>\n<p>&nbsp;<\/p>\n<blockquote><p><b>Vincitore<\/b><\/p>\n<p>Quando ho notato che i miei capelli stavano cadendo, ho smesso di sentirmi sicura. Ho sentito da tutti che questo \u00e8 il destino di ogni persona, ma non volevo arrendermi e ho cercato una soluzione. Ho trovato walmart Bionetic ed \u00e8 stata la scelta giusta.<\/p><\/blockquote>\n<h2><b>Dove vendono il prodotto per capelli originale Bionetic? Qual \u00e8 il prezzo dello spray?<\/b><\/h2>\n<p><img loading=\"lazy\" decoding=\"async\" class=\"aligncenter size-full wp-image-37\" src=\"http:\/\/www.amatricevive.it\/blog\/wp-content\/uploads\/2024\/01\/Bionetic-10.jpg\" alt=\"Bionetic come usare il\" width=\"500\" height=\"335\" srcset=\"https:\/\/www.amatricevive.it\/blog\/wp-content\/uploads\/2024\/01\/Bionetic-10.jpg 500w, https:\/\/www.amatricevive.it\/blog\/wp-content\/uploads\/2024\/01\/Bionetic-10-300x201.jpg 300w\" sizes=\"(max-width: 500px) 100vw, 500px\" \/><\/p>\n<p>Per proteggere i consumatori dalle frodi e dalle contraffazioni pericolose e di bassa qualit\u00e0, il produttore Bionetic ha deciso di vendere solo attraverso il sito ufficiale, dove \u00e8 possibile ordinare in sicurezza l&#8217;imballaggio Bionetic.<\/p>\n<p>Se sai di avere un serio problema di caduta e diradamento dei capelli, per ottenere i migliori risultati ti consigliamo di approfittare di una di queste due offerte, grazie alla quale potrai assicurarti una fornitura maggiore Bionetic a prezzo farmacia simile speciale ed unico:<\/p>\n<p>Bionetic pu\u00f2 essere acquistato pagando:<\/p>\n<ul>\n<li aria-level=\"1\">carta di credito o carta prepagata;<\/li>\n<li aria-level=\"1\">traduzione NK;<\/li>\n<li aria-level=\"1\">pagamento in contrassegno, ad es. pagamento in contanti al corriere direttamente al momento della consegna.<\/li>\n<\/ul>\n<h2><b>Acquistare Bionetic \u00e8 semplice e, soprattutto, sicuro<\/b><\/h2>\n<ul>\n<li aria-level=\"1\">vai al sito ufficiale;<\/li>\n<li aria-level=\"1\">clicca sul pulsante \u201cordina adesso\u201d: verrai reindirizzato al modulo di acquisto;<\/li>\n<li aria-level=\"1\">seleziona il pacchetto Bionetic che desideri acquistare;<\/li>\n<li aria-level=\"1\">compila il form quando inserisci i tuoi dati personali: il produttore Bionetic garantisce il massimo rispetto della riservatezza dei propri clienti;<\/li>\n<li aria-level=\"1\">selezionare un metodo di pagamento (carta, bonifico o contrassegno);<\/li>\n<li aria-level=\"1\">completa l&#8217;ordine: il pacco verr\u00e0 spedito immediatamente e ti arriver\u00e0 entro pochi giorni lavorativi.<\/li>\n<\/ul>\n<h2><b>Organizza la tua dieta<\/b><\/h2>\n<p>Una buona dieta \u00e8 conosciuta come uno dei metodi migliori per prevenire la caduta dei capelli. Mangiare cibi ricchi di vitamine e antiossidanti pu\u00f2 combattere i segni dello stress ossidativo, un fattore ambientale che danneggia i follicoli piliferi. Alimenti come fragole, mirtilli, fagioli e spinaci sono fonti di antiossidanti e possono essere un ottimo punto di partenza quando si tratta di prevenire la caduta dei capelli.<\/p>\n<p>Zucchero, grassi trasformati, conservanti e alcol possono contribuire allo stress ossidativo. Tienilo a mente se vuoi fermare la caduta dei capelli.<\/p>\n<h2><b>Come prevenire la caduta dei capelli negli uomini?<\/b><\/h2>\n<p><img loading=\"lazy\" decoding=\"async\" class=\"aligncenter size-full wp-image-36\" src=\"http:\/\/www.amatricevive.it\/blog\/wp-content\/uploads\/2024\/01\/Bionetic-9.jpg\" alt=\"Bionetic come si applica\" width=\"339\" height=\"479\" srcset=\"https:\/\/www.amatricevive.it\/blog\/wp-content\/uploads\/2024\/01\/Bionetic-9.jpg 339w, https:\/\/www.amatricevive.it\/blog\/wp-content\/uploads\/2024\/01\/Bionetic-9-212x300.jpg 212w\" sizes=\"(max-width: 339px) 100vw, 339px\" \/><\/p>\n<p>La caduta dei capelli \u00e8 molto pi\u00f9 comune negli uomini che nelle donne. Circa l\u201985% degli uomini presenta un diradamento dei capelli dopo i 50 anni. Se ti stai chiedendo come prevenire la caduta dei capelli negli uomini, potrebbe non essere possibile poich\u00e9 di solito \u00e8 causata dalla calvizie maschile, dall\u2019alopecia androgenetica, dall\u2019invecchiamento o da bassi livelli di testosterone. Se sei preoccupato per la caduta dei capelli, l\u2019estrazione del follicolo pilifero \u00e8 un ottimo modo per contrastarla in modo naturale.<\/p>\n","protected":false},"excerpt":{"rendered":"<p>Bionetic \u00e8 un integratore naturale per uomini, progettato per contrastare la caduta dei capelli e stimolarne la crescita. Rafforza i capelli, mantiene il loro colore naturale e supporta la salute del cuoio capelluto. I primi effetti visibili sono notati gi\u00e0 nei primi giorni di utilizzo.<\/p>\n","protected":false},"featured_media":32,"comment_status":"open","ping_status":"closed","template":"","meta":[],"product_cat":[18],"product_tag":[],"yoast_head":"<!-- This site is optimized with the Yoast SEO plugin v21.8 - https:\/\/yoast.com\/wordpress\/plugins\/seo\/ -->\n<title>Bionetic acquista gocce per la crescita dei capelli su Amatricevive<\/title>\n<meta name=\"robots\" content=\"noindex, follow, max-snippet:-1, max-image-preview:large, max-video-preview:-1\" \/>\n<meta property=\"og:locale\" content=\"it_IT\" \/>\n<meta property=\"og:type\" content=\"article\" \/>\n<meta property=\"og:title\" content=\"Bionetic acquista gocce per la crescita dei capelli su Amatricevive\" \/>\n<meta property=\"og:description\" content=\"Bionetic \u00e8 un integratore naturale per uomini, progettato per contrastare la caduta dei capelli e stimolarne la crescita. Rafforza i capelli, mantiene il loro colore naturale e supporta la salute del cuoio capelluto. I primi effetti visibili sono notati gi\u00e0 nei primi giorni di utilizzo.\" \/>\n<meta property=\"og:url\" content=\"https:\/\/www.amatricevive.it\/blog\/product\/bionetic\/\" \/>\n<meta property=\"og:site_name\" content=\"Negozio Amatricevive\" \/>\n<meta property=\"article:modified_time\" content=\"2024-10-30T11:27:05+00:00\" \/>\n<meta property=\"og:image\" content=\"http:\/\/www.amatricevive.it\/blog\/wp-content\/uploads\/2024\/01\/Bionetic.jpg\" \/>\n\t<meta property=\"og:image:width\" content=\"340\" \/>\n\t<meta property=\"og:image:height\" content=\"338\" \/>\n\t<meta property=\"og:image:type\" content=\"image\/jpeg\" \/>\n<meta name=\"twitter:card\" content=\"summary_large_image\" \/>\n<meta name=\"twitter:label1\" content=\"Tempo di lettura stimato\" \/>\n\t<meta name=\"twitter:data1\" content=\"8 minuti\" \/>\n<script type=\"application\/ld+json\" class=\"yoast-schema-graph\">{\"@context\":\"https:\/\/schema.org\",\"@graph\":[{\"@type\":\"WebPage\",\"@id\":\"https:\/\/www.amatricevive.it\/blog\/product\/bionetic\/\",\"url\":\"https:\/\/www.amatricevive.it\/blog\/product\/bionetic\/\",\"name\":\"Bionetic acquista gocce per la crescita dei capelli su Amatricevive\",\"isPartOf\":{\"@id\":\"https:\/\/www.amatricevive.it\/blog\/#website\"},\"datePublished\":\"2024-10-26T16:17:17+00:00\",\"dateModified\":\"2024-10-30T11:27:05+00:00\",\"breadcrumb\":{\"@id\":\"https:\/\/www.amatricevive.it\/blog\/product\/bionetic\/#breadcrumb\"},\"inLanguage\":\"it-IT\",\"potentialAction\":[{\"@type\":\"ReadAction\",\"target\":[\"https:\/\/www.amatricevive.it\/blog\/product\/bionetic\/\"]}]},{\"@type\":\"BreadcrumbList\",\"@id\":\"https:\/\/www.amatricevive.it\/blog\/product\/bionetic\/#breadcrumb\",\"itemListElement\":[{\"@type\":\"ListItem\",\"position\":1,\"name\":\"Home\",\"item\":\"https:\/\/www.amatricevive.it\/blog\/\"},{\"@type\":\"ListItem\",\"position\":2,\"name\":\"Bionetic\"}]},{\"@type\":\"WebSite\",\"@id\":\"https:\/\/www.amatricevive.it\/blog\/#website\",\"url\":\"https:\/\/www.amatricevive.it\/blog\/\",\"name\":\"Negozio Amatricevive\",\"description\":\"\",\"potentialAction\":[{\"@type\":\"SearchAction\",\"target\":{\"@type\":\"EntryPoint\",\"urlTemplate\":\"https:\/\/www.amatricevive.it\/blog\/?s={search_term_string}\"},\"query-input\":\"required name=search_term_string\"}],\"inLanguage\":\"it-IT\"}]}<\/script>\n<!-- \/ Yoast SEO plugin. -->","yoast_head_json":{"title":"Bionetic acquista gocce per la crescita dei capelli su Amatricevive","robots":{"index":"noindex","follow":"follow","max-snippet":"max-snippet:-1","max-image-preview":"max-image-preview:large","max-video-preview":"max-video-preview:-1"},"og_locale":"it_IT","og_type":"article","og_title":"Bionetic acquista gocce per la crescita dei capelli su Amatricevive","og_description":"Bionetic \u00e8 un integratore naturale per uomini, progettato per contrastare la caduta dei capelli e stimolarne la crescita. Rafforza i capelli, mantiene il loro colore naturale e supporta la salute del cuoio capelluto. I primi effetti visibili sono notati gi\u00e0 nei primi giorni di utilizzo.","og_url":"https:\/\/www.amatricevive.it\/blog\/product\/bionetic\/","og_site_name":"Negozio Amatricevive","article_modified_time":"2024-10-30T11:27:05+00:00","og_image":[{"width":340,"height":338,"url":"http:\/\/www.amatricevive.it\/blog\/wp-content\/uploads\/2024\/01\/Bionetic.jpg","type":"image\/jpeg"}],"twitter_card":"summary_large_image","twitter_misc":{"Tempo di lettura stimato":"8 minuti"},"schema":{"@context":"https:\/\/schema.org","@graph":[{"@type":"WebPage","@id":"https:\/\/www.amatricevive.it\/blog\/product\/bionetic\/","url":"https:\/\/www.amatricevive.it\/blog\/product\/bionetic\/","name":"Bionetic acquista gocce per la crescita dei capelli su Amatricevive","isPartOf":{"@id":"https:\/\/www.amatricevive.it\/blog\/#website"},"datePublished":"2024-10-26T16:17:17+00:00","dateModified":"2024-10-30T11:27:05+00:00","breadcrumb":{"@id":"https:\/\/www.amatricevive.it\/blog\/product\/bionetic\/#breadcrumb"},"inLanguage":"it-IT","potentialAction":[{"@type":"ReadAction","target":["https:\/\/www.amatricevive.it\/blog\/product\/bionetic\/"]}]},{"@type":"BreadcrumbList","@id":"https:\/\/www.amatricevive.it\/blog\/product\/bionetic\/#breadcrumb","itemListElement":[{"@type":"ListItem","position":1,"name":"Home","item":"https:\/\/www.amatricevive.it\/blog\/"},{"@type":"ListItem","position":2,"name":"Bionetic"}]},{"@type":"WebSite","@id":"https:\/\/www.amatricevive.it\/blog\/#website","url":"https:\/\/www.amatricevive.it\/blog\/","name":"Negozio Amatricevive","description":"","potentialAction":[{"@type":"SearchAction","target":{"@type":"EntryPoint","urlTemplate":"https:\/\/www.amatricevive.it\/blog\/?s={search_term_string}"},"query-input":"required name=search_term_string"}],"inLanguage":"it-IT"}]}},"_links":{"self":[{"href":"https:\/\/www.amatricevive.it\/blog\/wp-json\/wp\/v2\/product\/68"}],"collection":[{"href":"https:\/\/www.amatricevive.it\/blog\/wp-json\/wp\/v2\/product"}],"about":[{"href":"https:\/\/www.amatricevive.it\/blog\/wp-json\/wp\/v2\/types\/product"}],"replies":[{"embeddable":true,"href":"https:\/\/www.amatricevive.it\/blog\/wp-json\/wp\/v2\/comments?post=68"}],"wp:featuredmedia":[{"embeddable":true,"href":"https:\/\/www.amatricevive.it\/blog\/wp-json\/wp\/v2\/media\/32"}],"wp:attachment":[{"href":"https:\/\/www.amatricevive.it\/blog\/wp-json\/wp\/v2\/media?parent=68"}],"wp:term":[{"taxonomy":"product_cat","embeddable":true,"href":"https:\/\/www.amatricevive.it\/blog\/wp-json\/wp\/v2\/product_cat?post=68"},{"taxonomy":"product_tag","embeddable":true,"href":"https:\/\/www.amatricevive.it\/blog\/wp-json\/wp\/v2\/product_tag?post=68"}],"curies":[{"name":"wp","href":"https:\/\/api.w.org\/{rel}","templated":true}]}}